1?
1100011001110
In base 3, what is -1 - 12002202?
-12002210
In base 5, what is 3030320 - -4?
3030324
In base 2, what is -1010100101 + 110001?
-1001110100
In base 10, what is -3 + -279636?
-279639
In base 9, what is 4458 - 3?
4455
In base 15, what is -168c1 + -10?
-168d1
In base 16, what is ddf9 - -13?
de0c
In base 7, what is 1 - -246516?
246520
In base 9, what is 132554 - 5?
132548
In base 5, what is -10241 + -33210?
-44001
In base 12, what is 13 + -7a48?
-7a35
In base 6, what is 11343 - 121?
11222
In base 13, what is 1 + -2123a4?
-2123a3
In base 15, what is -246d69 - 4?
-246d6d
In base 12, what is 492 + 8b?
561
In base 7, what is -135416 + -13?
-135432
In base 2, what is 101 + 10010000100110?
10010000101011
In base 2, what is -11011001110 + -1001000?
-11100010110
In base 10, what is 590 + 1377?
1967
In base 2, what is -100100 + 10110000000?
10101011100
In base 12, what is 7168 + -16?
7152
In base 7, what is 21162036 - 4?
21162032
In base 8, what is 7447 + 171?
7640
In base 16, what is -6 + 11a7?
11a1
In base 16, what is 40af - 1?
40ae
In base 16, what is -51 + 1573?
1522
In base 11, what is 18812 + -5?
18808
In base 14, what is -1 - 586b?
-586c
In base 4, what is -10 + 100302033?
100302023
In base 15, what is -6d - c?
-7a
In base 15, what is -3 - 14e73?
-14e76
In base 12, what is 9615 + -ab?
9526
In base 2, what is 1000 - -1101010010110?
1101010011110
In base 14, what is b930a + -3?
b9307
In base 4, what is 21 + -322313?
-322232
In base 6, what is -3 + 300101?
300054
In base 10, what is -7515 - 44?
-7559
In base 9, what is 5 - 2646?
-2641
In base 14, what is 212 + -35?
1bb
In base 4, what is 3030203 - 2030?
3022113
In base 4, what is 1 - 32323?
-32322
In base 8, what is -4 - -5503?
5477
In base 3, what is 1202112220 + -11?
1202112202
In base 14, what is 64 + 686?
70a
In base 4, what is 1120 + 201330?
203110
In base 4, what is 122 + -31002?
-30220
In base 13, what is 72a0 - -a?
72aa
In base 5, what is -331 - -2303?
1422
In base 12, what is -1b + 36a8?
3689
In base 7, what is 2 + 12431?
12433
In base 13, what is -5 - 16180?
-16185
In base 8, what is 126 + -167?
-41
In base 16, what is -1cd1 + -7?
-1cd8
In base 14, what is -9d0 + -5?
-9d5
In base 5, what is -121120 - -1?
-121114
In base 8, what is -1632 + -2105?
-3737
In base 3, what is 0 - -2001211012?
2001211012
In base 8, what is -13 - -3717?
3704
In base 4, what is 3130 + -3010?
120
In base 2, what is -10100001110 - 111101?
-10101001011
In base 8, what is 4 - -226311?
226315
In base 7, what is 5 - 133640?
-133632
In base 7, what is -5 + 45231?
45223
In base 4, what is 133 - 11320111?
-11313312
In base 13, what is -5 + -7987a?
-79882
In base 12, what is 93 - -3b?
112
In base 7, what is -10534303 + 0?
-10534303
In base 7, what is -3 + -251650?
-251653
In base 4, what is 1 - 1311113321?
-1311113320
In base 2, what is -100010111000 - -1110?
-100010101010
In base 3, what is 221 - 202122120?
-202121122
In base 8, what is -4 + 27553?
27547
In base 2, what is 10 - -100111010100011101?
100111010100011111
In base 7, what is -22026202 - 4?
-22026206
In base 11, what is -18046 + -1?
-18047
In base 8, what is -1 - -50012?
50011
In base 4, what is -312 + -1103?
-2021
In base 11, what is 4 + 7686?
768a
In base 2, what is -101111011111 + 10100?
-101111001011
In base 3, what is 1000010 + 100022002?
101022012
In base 8, what is 20 - 13223?
-13203
In base 2, what is -110101100 - 10010000011?
-11000101111
In base 15, what is 5 - -182e?
1834
In base 9, what is -276 + -1842?
-2228
In base 6, what is -2030 + 53?
-1533
In base 11, what is 2042 - 37?
2006
In base 13, what is 3 - -2657b?
26581
In base 6, what is -4521 - 10?
-4531
In base 16, what is -2d69 + -7?
-2d70
In base 9, what is -422761 - 1?
-422762
In base 15, what is -ae57 + 12?
-ae45
In base 3, what is -100 + -202110200?
-202111000
In base 15, what is -27da - 79?
-2864
In base 5, what is 240214 + 101?
240320
In base 2, what is -101111001001 + -1000?
-101111010001
In base 9, what is -27 - 548?
-576
In base 9, what is 4 + 105838?
105843
In base 6, what is -12005 - -5332?
-2233
In base 5, what is -2132 + -32133?
-34320
In base 15, what is -82c7 - -2?
-82c5
In base 5, what is 223200430 + 1?
223200431
In base 3, what is -102021 + -102?
-102200
In base 5, what is 142 + 211004?
211201
In base 12, what is -6 + 6852?
6848
In base 6, what is 34 + 53412?
53450
In base 14, what is 4b61b6 - -4?
4b61ba
In base 14, what is 23b3 - -b?
23c0
In base 16, what is 35 - 3553?
-351e
In base 15, what is -80 + -dae?
-e3e
In base 7, what is -106 + -13321?
-13430
In base 5, what is -3041 + -213?
-3304
In base 7, what is 114 - -21516?
21633
In base 2, what is 11 - 111110011100111?
-111110011100100
In base 11, what is 24 - a64?
-a40
In base 13, what is 268 + -731?
-496
In base 6, what is 10530003 + -5?
10525554
In base 9, what is -10686 - -23?
-10663
In base 6, what is 22 - -13520?
13542
In base 16, what is 3 + -216b5?
-216b2
In base 16, what is -63c + a0?
-59c
In base 10, what is -563 - -3?
-560
In base 12, what is 4 - -5508?
5510
In base 4, what is 113103 + -1111?
111332
In base 8, what is -42 - 15307?
-15351
In base 12, what is -534 + -9?
-541
In base 6, what is -5 + 1132010?
1132001
In base 8, what is -16 + -2532?
-2550
In base 10, what is -2 + -4546?
-4548
In base 4, what is -11101 + -231?
-11332
In base 15, what is -e289 + 4?
-e285
In base 6, what is 4 + -2041433?
-2041425
In base 13, what is -4 - 440?
-444
In base 12, what is 1001 - 18?
ba5
In base 5, what is 24421 + 12?
24433
In base 5, what is 32 + -133304?
-133222
In base 6, what is 1240 - -5541?
11221
In base 2, what is 1100111 + 111100100?
1001001011
In base 16, what is -12 - -3bf?
3ad
In base 5, what is 322 + -12044?
-11222
In base 12, what is -526668 - 5?
-526671
In base 16, what is 8bb + 6?
8c1
In base 13, what is -7278 - 7?
-7282
In base 2, what is -1110 - -1010110100011000?
1010110100001010
In base 7, what is 21665 + -1?
21664
In base 10, what is 3 + 2778?
2781
In base 2, what is -10100010 + -1100010?
-100000100
In base 6, what is 105 + -43252?
-43143
In base 16, what is -8d + -17?
-a4
In base 11, what is a423 - -4?
a427
In base 14, what is 2 - -c0b9?
c0bb
In base 7, what is 242 + 42236?
42511
In base 15, what is -4 + 1a77?
1a73
In base 3, what is -10 + 1212200020?
1212200010
In base 9, what is 23 + 1185?
1218
In base 13, what is -24745 - 31?
-24776
In base 6, what is -3 + -423201?
-423204
In base 16, what is 6 + 6db7?
6dbd
In base 3, what is -122212 - -12112?
-110100
In base 9, what is -2 + -16331?
-16333
In base 13, what is 1cb6 + -4?
1cb2
In base 14, what is 170 + 45c?
5cc
In base 11, what is 1 + -8612?
-8611
In base 4, what is 2110113001 - -1?
2110113002
In base 2, what is 10000 - -110111101111010?
110111110001010
In base 7, what is -2403 + 21?
-2352
In base 10, what is 5 - -79729?
79734
In base 9, what is 32 + -2617?
-2575
In base 12, what is -3884b - 2?
-38851
In base 11, what is -1a2 + -64?
-256
In base 2, what is -101000 - 101010101?
-101111101
In base 12, what is 2aa - 226?
84
In base 11, what is -2203 - 2?
-2205
In base 16, what is 34e - 9b?
2b3
In base 6, what is 3 + 1113211?
1113214
In base 2, what is -1110100100100 - -1011101?
-1110011000111
In base 9, what is -13 - -11143?
11130
In base 6, what is -222 + -120225?
-120451
In base 2, what is -10111011001 + 11?
-10111010110
In base 8, what is -31336 + -13?
-31351
In base 4, what is -21123 + 123?
-21000
In base 6, what is 24030 + 42?
24112
In base 11, what is -2a1 - 338?
-629
In base 14, what is -2 - 8876?
-8878
In base 10, what is 743 - -52?
795
In base 10, what is 971 - 867?
104
In base 9, what is 321 - 63?
247
In base 12, what is 309b + -2?
3099
In base 14, what is -41 - 48a?
-4cb
In base 14, what is 12 - -305?
317
In base 13, what is 135b + b3?
1441
In base 2, what is -1011100110 + -111100011?
-10011001001
In base 6, what is -15344 + -5?
-15353
In base 6, what is 4 + -1134411?
-1134403
In base 15, what is 51 + -457?
-406
In base 11, what is 1694 - -4?
1698
In base 16, what is 2 - -7019c?
7019e
In base 4, what is -1102130000 - 12?
-1102130012
In base 6, what is 2 - 122450?
-122444
In base 11, what is 3 - -140a72?
140a75
In base 10, what is 1274 - 2535?
-1261
In base 16, what is -5 + 107ed?
107e8
In base 3, what is -12021 + -11011?
-100102
In base 12,